 base 16, what is -17 + -a?
-21
In base 16, what is ee3 + 6?
ee9
In base 7, what is 133 - 323?
-160
In base 3, what is 2121 + -2?
2112
In base 13, what is 2 - 25b?
-259
In base 15, what is -463 - -1?
-462
In base 14, what is -18 + -25?
-3d
In base 11, what is -5 + 5223?
5219
In base 2, what is 100001 - -101?
100110
In base 9, what is -10824 + 0?
-10824
In base 9, what is -3 + -717?
-721
In base 14, what is 3 + ab?
b0
In base 12, what is 0 + 1a?
1a
In base 12, what is 75 + -9?
68
In base 15, what is -43c - 3?
-440
In base 6, what is 151 - 14?
133
In base 8, what is -65 + -3?
-70
In base 9, what is -45 - -6?
-38
In base 13, what is 4 - 12?
-b
In base 9, what is -133 - -8?
-124
In base 5, what is -110 + -1?
-111
In base 16, what is 2f3 - 5?
2ee
In base 5, what is 113 + 1?
114
In base 7, what is -605 - 133?
-1041
In base 4, what is 10 - 323?
-313
In base 13, what is 31a5 - 4?
31a1
In base 11, what is 505 + -5?
500
In base 7, what is 11 + -1133?
-1122
In base 14, what is -1 - 84?
-85
In base 6, what is 24005 + -3?
24002
In base 16, what is -22 - 0?
-22
In base 14, what is -1da + -16?
-212
In base 9, what is 4 - -184?
188
In base 14, what is 30ba + 1?
30bb
In base 2, what is 100101101 - 1011000?
11010101
In base 6, what is 11534 + -3?
11531
In base 16, what is -e5 + -6?
-eb
In base 11, what is -5 - -1677?
1672
In base 11, what is -22a + -6?
-235
In base 3, what is 102020222 + -11?
102020211
In base 5, what is 31444 + 1?
32000
In base 2, what is 1111111 - -1101?
10001100
In base 11, what is 4 + -a01?
-9a8
In base 4, what is -1 - 1333?
-2000
In base 7, what is 5 - 412?
-404
In base 2, what is 0 + 111101011?
111101011
In base 16, what is -13 - -2?
-11
In base 14, what is -1 + -2a4?
-2a5
In base 14, what is 284c - -2?
2850
In base 6, what is 45 - 1011?
-522
In base 2, what is -110 + 110100?
101110
In base 16, what is 214 - -3?
217
In base 12, what is 8 + 112?
11a
In base 11, what is -6 - -3?
-3
In base 13, what is 3714 - 1?
3713
In base 3, what is -100120 + 10?
-100110
In base 11, what is 5 - -284?
289
In base 6, what is 2315 - 200?
2115
In base 12, what is 524b - -4?
5253
In base 13, what is 17 - a4?
-8a
In base 11, what is 2 + 18a?
191
In base 7, what is -21 - -1545?
1524
In base 16, what is -3 - 5?
-8
In base 4, what is 101 + 2002?
2103
In base 8, what is -314 - -1?
-313
In base 8, what is -374 + -54?
-450
In base 10, what is -1 + 223?
222
In base 4, what is 1 + -10011?
-10010
In base 4, what is 33 - 322?
-223
In base 15, what is -316 + 2?
-314
In base 14, what is -37 - -16?
-21
In base 7, what is 102 + 432?
534
In base 6, what is 12135 + 2?
12141
In base 10, what is -1365 - 0?
-1365
In base 12, what is -6 - 342?
-348
In base 10, what is -5 - 294?
-299
In base 2, what is 101 - -110010100?
110011001
In base 4, what is 200032 + -11?
200021
In base 6, what is 144 - -12?
200
In base 8, what is 0 + -1?
-1
In base 6, what is 151 - 3?
144
In base 8, what is -1 - 362?
-363
In base 3, what is -10202 - -12?
-10120
In base 13, what is -1 - 310?
-311
In base 7, what is -145 - 0?
-145
In base 7, what is -4 + -1265?
-1302
In base 7, what is -5 - -255?
250
In base 7, what is -4002 + 2?
-4000
In base 15, what is -4 - -67?
63
In base 16, what is -17 + -19?
-30
In base 5, what is 1110 - -2?
1112
In base 4, what is 0 - -220?
220
In base 6, what is -143 + -111?
-254
In base 3, what is -12 + 1012?
1000
In base 3, what is 1100 - -1202?
10002
In base 2, what is 10 + 1001001110?
1001010000
In base 16, what is 0 - -933?
933
In base 14, what is 0 - 44?
-44
In base 15, what is -8c2 - 4?
-8c6
In base 10, what is -36 - 86?
-122
In base 5, what is -10 + 410?
400
In base 14, what is -7 - -7?
0
In base 8, what is -4 + -127?
-133
In base 16, what is -3 - 60?
-63
In base 14, what is -2 + 2d4b?
2d49
In base 9, what is 24 - -135?
160
In base 7, what is 3 - -165?
201
In base 4, what is 301 + 2?
303
In base 14, what is 9 - -27?
32
In base 4, what is -131030 - 2?
-131032
In base 2, what is 1100 + 1000?
10100
In base 11, what is -1668 + -11?
-1679
In base 16, what is 1 + -5?
-4
In base 14, what is -2 - -c7?
c5
In base 8, what is 5 - 11151?
-11144
In base 13, what is 28 - 5?
23
In base 9, what is 4 + 135?
140
In base 9, what is -22 + -8?
-31
In base 9, what is -2 + 6625?
6623
In base 11, what is -562 - -5?
-558
In base 7, what is -1462 - 22?
-1514
In base 2, what is 110011111101 - 101?
110011111000
In base 14, what is -75 + 0?
-75
In base 6, what is -3312 - -3?
-3305
In base 12, what is 87 + -2?
85
In base 15, what is -57 - a1?
-108
In base 12, what is -4 - -199?
195
In base 10, what is 10936 + 0?
10936
In base 16, what is 3c - -78?
b4
In base 13, what is 1a3 - -8?
1ab
In base 14, what is 956 + -2?
954
In base 12, what is 4a8 - 4?
4a4
In base 14, what is 1582 - 1?
1581
In base 8, what is 0 + -52?
-52
In base 4, what is 1 - 22002?
-22001
In base 9, what is 14 - -23?
37
In base 11, what is -7 + 3?
-4
In base 12, what is 5 + -385?
-380
In base 13, what is -5 + 389?
384
In base 11, what is 4448 + -2?
4446
In base 5, what is -20430 - 20?
-21000
In base 9, what is 263 - 5?
257
In base 5, what is 12 + 4301?
4313
In base 5, what is -22041 + 10?
-22031
In base 11, what is -19 + -2?
-20
In base 3, what is -101211 + 1?
-101210
In base 13, what is -2 - -29?
27
In base 4, what is 321 + -2?
313
In base 12, what is 12a + 2?
130
In base 6, what is 5 - 30?
-21
In base 5, what is -3 - -42444?
42441
In base 5, what is 23 - -11?
34
In base 4, what is 333 - 12?
321
In base 5, what is -1423 + 13?
-1410
In base 2, what is 10100110 - -11?
10101001
In base 14, what is -7 + 0?
-7
In base 15, what is a + 33?
3d
In base 14, what is -2a64 - -1?
-2a63
In base 11, what is 8 - 4?
4
In base 14, what is 0 - 35?
-35
In base 10, what is 5 - -964?
969
In base 4, what is -110 - 10130?
-10300
In base 6, what is 1155 + -1?
1154
In base 4, what is -130110 + -2?
-130112
In base 5, what is 2 + -313?
-311
In base 13, what is -8 - 380?
-388
In base 12, what is -44 + -5?
-49
In base 6, what is 1 + -3215?
-3214
In base 11, what is 8a - -1?
90
In base 4, what is -1 - 110222?
-110223
In base 7, what is -3 + 11?
5
In base 13, what is -3 - -17a?
177
In base 6, what is -25 + 1?
-24
In base 14, what is 3 + -32?
-2d
In base 10, what is -239 - 1?
-240
In base 15, what is -18 + 0?
-18
In base 14, what is 104 + -5?
dd
In base 5, what is -1 + 31?
30
In base 11, what is -4 - 77?
-80
In base 12, what is 4 + -74?
-70
In base 11, what is 0 - 26?
-26
In base 5, what is 20314 - 31?
20233
In base 7, what is 1 - 101?
-100
In base 11, what is 222 - 6?
217
In base 8, what is 5 + 10336?
10343
In base 3, what is 21120 + 11?
21201
In base 8, what is 2200 + 5?
2205
In base 16, what is a2 + -1?
a1
In base 6, what is -235 - -5?
-230
In base 7, what is 5 - 2652?
-2644
In base 15, what is -29 + cd?
a4
In base 6, what is -122 + 310?
144
In base 8, what is 4467 - 3?
4464
In base 6, what is -30013 + -4?
-30021
In base 9, what is 21 + -5?
15
In base 9, what is -1437 + -4?
-1442
In base 12, what is 155 + 0?
155
In base 3, what is 2 - 210?
-201
In base 11, what is 3 + 18?
20
In base 2, what is 10101100111 - -101?
10101101100
In base 15, what is 11c + 1d?
13a
In base 13, what is 2 + -12?
-10
In base 16, what is -6 + a?
4
In base 14, what is -5 + 72c?
727
In base 15, what is 1124 - -5?
1129
In base 12, what is -3 - 977?
-97a
In base 14, what is 8 - -19a?
1a4
In base 13, what is -1 - 54?
-55
In base 2, what is -10000100 - 110?
-10001010
In base 14, what is 4 + 38b?
391
In base 16, what is -2 + 280?
27e
In base 13, what is 5 + -34?
-2c
In base 6, what is -123031 + -2?
-123033
In base 2, what is 1010001111 - 10?
1010001101
In base 6, what is -12 + 20?
4
In base 13, what is -163 + 3?
-160
In base 10, what is 3 - -4330?
4333
In base 15, what is -2de + -3?
-2e2
In base 13, what is 0 + -2?
-2
In base 11, what is -5a7 - 0?
-5a7
In base 9, what is -77 + -74?
-162
In base 16, what is 3 + -2fd?
-2fa
In base 2, what is 101 - 1101101100?
-1101100111
In base 7, what is -4 + 20?
13
In base 5, what is -1 + 121?
120
In base 9, what is -205 + 1?
-204
In base 13, what is 3 + 18a?
190
In base 11, what is -3 - 495?
-498
In base 10, what is 87 - -5?
92
In base 11, what is 3 - -101?
104
In base 11, what is 33 + 4?
37
In base 10, what is 2 + 22?
24
In base 12, what is -298 - 34?
-310
In base